[INFO] cloning repository https://github.com/bobbobbio/Advent-of-Code-2021
[INFO] running `Command { std: "git" "-c" "credential.helper=" "-c" "credential.helper=/workspace/cargo-home/bin/git-credential-null" "clone" "--bare" "https://github.com/bobbobbio/Advent-of-Code-2021" "/workspace/cache/git-repos/https%3A%2F%2Fgithub.com%2Fbobbobbio%2FAdvent-of-Code-2021", kill_on_drop: false }`
[INFO] [stderr] Cloning into bare repository '/workspace/cache/git-repos/https%3A%2F%2Fgithub.com%2Fbobbobbio%2FAdvent-of-Code-2021'...
[INFO] running `Command { std: "git" "rev-parse" "HEAD", kill_on_drop: false }`
[INFO] [stdout] c089e0bede00348af3656f64eea5ba0e492825b2
[INFO] checking bobbobbio/Advent-of-Code-2021 against master#9610dfe5a9a731ced1ea4923ecbd0c57fe367898 for beta-170-4
[INFO] running `Command { std: "git" "clone" "/workspace/cache/git-repos/https%3A%2F%2Fgithub.com%2Fbobbobbio%2FAdvent-of-Code-2021" "/workspace/builds/worker-3-tc1/source", kill_on_drop: false }`
[INFO] [stderr] Cloning into '/workspace/builds/worker-3-tc1/source'...
[INFO] [stderr] done.
[INFO] validating manifest of git repo https://github.com/bobbobbio/Advent-of-Code-2021 on toolchain 9610dfe5a9a731ced1ea4923ecbd0c57fe367898
[INFO] running `Command { std: CARGO_HOME="/workspace/cargo-home" RUSTUP_HOME="/workspace/rustup-home" "/workspace/cargo-home/bin/cargo" "+9610dfe5a9a731ced1ea4923ecbd0c57fe367898" "metadata" "--manifest-path" "Cargo.toml" "--no-deps", kill_on_drop: false }`
[INFO] started tweaking git repo https://github.com/bobbobbio/Advent-of-Code-2021
[INFO] finished tweaking git repo https://github.com/bobbobbio/Advent-of-Code-2021
[INFO] tweaked toml for git repo https://github.com/bobbobbio/Advent-of-Code-2021 written to /workspace/builds/worker-3-tc1/source/Cargo.toml
[INFO] crate git repo https://github.com/bobbobbio/Advent-of-Code-2021 already has a lockfile, it will not be regenerated
[INFO] running `Command { std: CARGO_HOME="/workspace/cargo-home" RUSTUP_HOME="/workspace/rustup-home" "/workspace/cargo-home/bin/cargo" "+9610dfe5a9a731ced1ea4923ecbd0c57fe367898" "fetch" "--manifest-path" "Cargo.toml", kill_on_drop: false }`
[INFO] [stderr]     Updating crates.io index
[INFO] [stderr]  Downloading crates ...
[INFO] [stderr]   Downloaded memoise v0.3.2
[INFO] [stderr]   Downloaded enumset_derive v0.5.5
[INFO] [stderr]   Downloaded enumset v1.0.8
[INFO] [stderr]   Downloaded multiset v0.0.5
[INFO] running `Command { std: "docker" "create" "-v" "/var/lib/crater-agent-workspace/builds/worker-3-tc1/target:/opt/rustwide/target:rw,Z" "-v" "/var/lib/crater-agent-workspace/builds/worker-3-tc1/source:/opt/rustwide/workdir:ro,Z" "-v" "/var/lib/crater-agent-workspace/cargo-home:/opt/rustwide/cargo-home:ro,Z" "-v" "/var/lib/crater-agent-workspace/rustup-home:/opt/rustwide/rustup-home:ro,Z" "-e" "SOURCE_DIR=/opt/rustwide/workdir" "-e" "CARGO_TARGET_DIR=/opt/rustwide/target" "-e" "CARGO_HOME=/opt/rustwide/cargo-home" "-e" "RUSTUP_HOME=/opt/rustwide/rustup-home" "-w" "/opt/rustwide/workdir" "-m" "1610612736" "--user" "0:0" "--network" "none" "ghcr.io/rust-lang/crates-build-env/linux@sha256:19e73879b68f455e41552ea35293514db52ea292d993f571636dbffedb77a1ee" "/opt/rustwide/cargo-home/bin/cargo" "+9610dfe5a9a731ced1ea4923ecbd0c57fe367898" "metadata" "--no-deps" "--format-version=1", kill_on_drop: false }`
[INFO] [stdout] 83f7d3ee1f2731be1fbf87e989a687549ea4c3ec43508201a8ce244b933df066
[INFO] running `Command { std: "docker" "start" "-a" "83f7d3ee1f2731be1fbf87e989a687549ea4c3ec43508201a8ce244b933df066", kill_on_drop: false }`
[INFO] running `Command { std: "docker" "inspect" "83f7d3ee1f2731be1fbf87e989a687549ea4c3ec43508201a8ce244b933df066", kill_on_drop: false }`
[INFO] running `Command { std: "docker" "rm" "-f" "83f7d3ee1f2731be1fbf87e989a687549ea4c3ec43508201a8ce244b933df066", kill_on_drop: false }`
[INFO] [stdout] 83f7d3ee1f2731be1fbf87e989a687549ea4c3ec43508201a8ce244b933df066
[INFO] running `Command { std: "docker" "create" "-v" "/var/lib/crater-agent-workspace/builds/worker-3-tc1/target:/opt/rustwide/target:rw,Z" "-v" "/var/lib/crater-agent-workspace/builds/worker-3-tc1/source:/opt/rustwide/workdir:ro,Z" "-v" "/var/lib/crater-agent-workspace/cargo-home:/opt/rustwide/cargo-home:ro,Z" "-v" "/var/lib/crater-agent-workspace/rustup-home:/opt/rustwide/rustup-home:ro,Z" "-e" "SOURCE_DIR=/opt/rustwide/workdir" "-e" "CARGO_TARGET_DIR=/opt/rustwide/target" "-e" "CARGO_INCREMENTAL=0" "-e" "RUST_BACKTRACE=full" "-e" "RUSTFLAGS=--cap-lints=forbid" "-e" "RUSTDOCFLAGS=--cap-lints=forbid" "-e" "CARGO_HOME=/opt/rustwide/cargo-home" "-e" "RUSTUP_HOME=/opt/rustwide/rustup-home" "-w" "/opt/rustwide/workdir" "-m" "1610612736" "--user" "0:0" "--network" "none" "ghcr.io/rust-lang/crates-build-env/linux@sha256:19e73879b68f455e41552ea35293514db52ea292d993f571636dbffedb77a1ee" "/opt/rustwide/cargo-home/bin/cargo" "+9610dfe5a9a731ced1ea4923ecbd0c57fe367898" "check" "--frozen" "--all" "--all-targets" "--message-format=json", kill_on_drop: false }`
[INFO] [stdout] 71a447401dbfc1762c61353932e49728a03c38ce6d61234ff2e3b9f944f07056
[INFO] running `Command { std: "docker" "start" "-a" "71a447401dbfc1762c61353932e49728a03c38ce6d61234ff2e3b9f944f07056", kill_on_drop: false }`
[INFO] [stderr]    Compiling proc-macro2 v1.0.32
[INFO] [stderr]    Compiling syn v1.0.82
[INFO] [stderr]    Compiling memchr v2.4.1
[INFO] [stderr]     Checking bytes v1.1.0
[INFO] [stderr]     Checking unicode-xid v0.2.2
[INFO] [stderr]     Checking multiset v0.0.5
[INFO] [stderr]     Checking quote v1.0.10
[INFO] [stderr]     Checking combine v4.6.2
[INFO] [stderr]     Checking advent_macro v0.1.0 (/opt/rustwide/workdir/advent_macro)
[INFO] [stderr]     Checking parse_macro v0.1.0 (/opt/rustwide/workdir/parse_macro)
[INFO] [stderr]    Compiling darling_core v0.13.1
[INFO] [stderr]    Compiling enum-iterator-derive v0.7.0
[INFO] [stderr]    Compiling memoise v0.3.2
[INFO] [stderr]     Checking enum-iterator v0.7.0
[INFO] [stderr]    Compiling darling_macro v0.13.1
[INFO] [stderr]     Checking parse v0.1.0 (/opt/rustwide/workdir/parse)
[INFO] [stdout] error[E0658]: `impl Trait` in associated types is unstable
[INFO] [stdout]   --> parse/src/lib.rs:69:13
[INFO] [stdout]    |
[INFO] [stdout] 69 |             #[into_parser]
[INFO] [stdout]    |             ^^^^^^^^^^^^^^
[INFO] [stdout] ...
[INFO] [stdout] 77 | number_parser!(u8, u16, u32, u64, u128, usize);
[INFO] [stdout]    | ---------------------------------------------- in this macro invocation
[INFO] [stdout]    |
[INFO] [stdout]    = note: see issue #63063 <https://github.com/rust-lang/rust/issues/63063> for more information
[INFO] [stdout]    = help: add `#![feature(impl_trait_in_assoc_type)]` to the crate attributes to enable
[INFO] [stdout]    = note: this error originates in the attribute macro `into_parser` which comes from the expansion of the macro `number_parser` (in Nightly builds, run with -Z macro-backtrace for more info)
[INFO] [stdout] 
[INFO] [stdout] 
[INFO] [stdout] error[E0658]: `impl Trait` in associated types is unstable
[INFO] [stdout]   --> parse/src/lib.rs:69:13
[INFO] [stdout]    |
[INFO] [stdout] 69 |             #[into_parser]
[INFO] [stdout]    |             ^^^^^^^^^^^^^^
[INFO] [stdout] ...
[INFO] [stdout] 77 | number_parser!(u8, u16, u32, u64, u128, usize);
[INFO] [stdout]    | ---------------------------------------------- in this macro invocation
[INFO] [stdout]    |
[INFO] [stdout]    = note: see issue #63063 <https://github.com/rust-lang/rust/issues/63063> for more information
[INFO] [stdout]    = help: add `#![feature(impl_trait_in_assoc_type)]` to the crate attributes to enable
[INFO] [stdout]    = note: this error originates in the attribute macro `into_parser` which comes from the expansion of the macro `number_parser` (in Nightly builds, run with -Z macro-backtrace for more info)
[INFO] [stdout] 
[INFO] [stdout] 
[INFO] [stdout] error[E0658]: `impl Trait` in associated types is unstable
[INFO] [stdout]   --> parse/src/lib.rs:69:13
[INFO] [stdout]    |
[INFO] [stdout] 69 |             #[into_parser]
[INFO] [stdout]    |             ^^^^^^^^^^^^^^
[INFO] [stdout] ...
[INFO] [stdout] 77 | number_parser!(u8, u16, u32, u64, u128, usize);
[INFO] [stdout]    | ---------------------------------------------- in this macro invocation
[INFO] [stdout]    |
[INFO] [stdout]    = note: see issue #63063 <https://github.com/rust-lang/rust/issues/63063> for more information
[INFO] [stdout]    = help: add `#![feature(impl_trait_in_assoc_type)]` to the crate attributes to enable
[INFO] [stdout]    = note: this error originates in the attribute macro `into_parser` which comes from the expansion of the macro `number_parser` (in Nightly builds, run with -Z macro-backtrace for more info)
[INFO] [stdout] 
[INFO] [stdout] 
[INFO] [stdout] error[E0658]: `impl Trait` in associated types is unstable
[INFO] [stdout]   --> parse/src/lib.rs:69:13
[INFO] [stdout]    |
[INFO] [stdout] 69 |             #[into_parser]
[INFO] [stdout]    |             ^^^^^^^^^^^^^^
[INFO] [stdout] ...
[INFO] [stdout] 77 | number_parser!(u8, u16, u32, u64, u128, usize);
[INFO] [stdout]    | ---------------------------------------------- in this macro invocation
[INFO] [stdout]    |
[INFO] [stdout]    = note: see issue #63063 <https://github.com/rust-lang/rust/issues/63063> for more information
[INFO] [stdout]    = help: add `#![feature(impl_trait_in_assoc_type)]` to the crate attributes to enable
[INFO] [stdout]    = note: this error originates in the attribute macro `into_parser` which comes from the expansion of the macro `number_parser` (in Nightly builds, run with -Z macro-backtrace for more info)
[INFO] [stdout] 
[INFO] [stdout] 
[INFO] [stdout] error[E0658]: `impl Trait` in associated types is unstable
[INFO] [stdout]   --> parse/src/lib.rs:69:13
[INFO] [stdout]    |
[INFO] [stdout] 69 |             #[into_parser]
[INFO] [stdout]    |             ^^^^^^^^^^^^^^
[INFO] [stdout] ...
[INFO] [stdout] 77 | number_parser!(u8, u16, u32, u64, u128, usize);
[INFO] [stdout]    | ---------------------------------------------- in this macro invocation
[INFO] [stdout]    |
[INFO] [stdout]    = note: see issue #63063 <https://github.com/rust-lang/rust/issues/63063> for more information
[INFO] [stdout]    = help: add `#![feature(impl_trait_in_assoc_type)]` to the crate attributes to enable
[INFO] [stdout]    = note: this error originates in the attribute macro `into_parser` which comes from the expansion of the macro `number_parser` (in Nightly builds, run with -Z macro-backtrace for more info)
[INFO] [stdout] 
[INFO] [stdout] 
[INFO] [stdout] error[E0658]: `impl Trait` in associated types is unstable
[INFO] [stdout]   --> parse/src/lib.rs:69:13
[INFO] [stdout]    |
[INFO] [stdout] 69 |             #[into_parser]
[INFO] [stdout]    |             ^^^^^^^^^^^^^^
[INFO] [stdout] ...
[INFO] [stdout] 77 | number_parser!(u8, u16, u32, u64, u128, usize);
[INFO] [stdout]    | ---------------------------------------------- in this macro invocation
[INFO] [stdout]    |
[INFO] [stdout]    = note: see issue #63063 <https://github.com/rust-lang/rust/issues/63063> for more information
[INFO] [stdout]    = help: add `#![feature(impl_trait_in_assoc_type)]` to the crate attributes to enable
[INFO] [stdout]    = note: this error originates in the attribute macro `into_parser` which comes from the expansion of the macro `number_parser` (in Nightly builds, run with -Z macro-backtrace for more info)
[INFO] [stdout] 
[INFO] [stdout] 
[INFO] [stdout] error[E0658]: `impl Trait` in associated types is unstable
[INFO] [stdout]   --> parse/src/lib.rs:69:13
[INFO] [stdout]    |
[INFO] [stdout] 69 |             #[into_parser]
[INFO] [stdout]    |             ^^^^^^^^^^^^^^
[INFO] [stdout] ...
[INFO] [stdout] 77 | number_parser!(u8, u16, u32, u64, u128, usize);
[INFO] [stdout]    | ---------------------------------------------- in this macro invocation
[INFO] [stdout]    |
[INFO] [stdout]    = note: see issue #63063 <https://github.com/rust-lang/rust/issues/63063> for more information
[INFO] [stdout]    = help: add `#![feature(impl_trait_in_assoc_type)]` to the crate attributes to enable
[INFO] [stdout]    = note: this error originates in the attribute macro `into_parser` which comes from the expansion of the macro `number_parser` (in Nightly builds, run with -Z macro-backtrace for more info)
[INFO] [stdout] 
[INFO] [stdout] 
[INFO] [stdout] error[E0658]: `impl Trait` in associated types is unstable
[INFO] [stdout]   --> parse/src/lib.rs:69:13
[INFO] [stdout]    |
[INFO] [stdout] 69 |             #[into_parser]
[INFO] [stdout]    |             ^^^^^^^^^^^^^^
[INFO] [stdout] ...
[INFO] [stdout] 77 | number_parser!(u8, u16, u32, u64, u128, usize);
[INFO] [stdout]    | ---------------------------------------------- in this macro invocation
[INFO] [stdout]    |
[INFO] [stdout]    = note: see issue #63063 <https://github.com/rust-lang/rust/issues/63063> for more information
[INFO] [stdout]    = help: add `#![feature(impl_trait_in_assoc_type)]` to the crate attributes to enable
[INFO] [stdout]    = note: this error originates in the attribute macro `into_parser` which comes from the expansion of the macro `number_parser` (in Nightly builds, run with -Z macro-backtrace for more info)
[INFO] [stdout] 
[INFO] [stdout] 
[INFO] [stdout] error[E0658]: `impl Trait` in associated types is unstable
[INFO] [stdout]   --> parse/src/lib.rs:69:13
[INFO] [stdout]    |
[INFO] [stdout] 69 |             #[into_parser]
[INFO] [stdout]    |             ^^^^^^^^^^^^^^
[INFO] [stdout] ...
[INFO] [stdout] 77 | number_parser!(u8, u16, u32, u64, u128, usize);
[INFO] [stdout]    | ---------------------------------------------- in this macro invocation
[INFO] [stdout]    |
[INFO] [stdout]    = note: see issue #63063 <https://github.com/rust-lang/rust/issues/63063> for more information
[INFO] [stdout]    = help: add `#![feature(impl_trait_in_assoc_type)]` to the crate attributes to enable
[INFO] [stdout]    = note: this error originates in the attribute macro `into_parser` which comes from the expansion of the macro `number_parser` (in Nightly builds, run with -Z macro-backtrace for more info)
[INFO] [stdout] 
[INFO] [stdout] 
[INFO] [stdout] error[E0658]: `impl Trait` in associated types is unstable
[INFO] [stdout]   --> parse/src/lib.rs:69:13
[INFO] [stdout]    |
[INFO] [stdout] 69 |             #[into_parser]
[INFO] [stdout]    |             ^^^^^^^^^^^^^^
[INFO] [stdout] ...
[INFO] [stdout] 77 | number_parser!(u8, u16, u32, u64, u128, usize);
[INFO] [stdout]    | ---------------------------------------------- in this macro invocation
[INFO] [stdout]    |
[INFO] [stdout]    = note: see issue #63063 <https://github.com/rust-lang/rust/issues/63063> for more information
[INFO] [stdout]    = help: add `#![feature(impl_trait_in_assoc_type)]` to the crate attributes to enable
[INFO] [stdout]    = note: this error originates in the attribute macro `into_parser` which comes from the expansion of the macro `number_parser` (in Nightly builds, run with -Z macro-backtrace for more info)
[INFO] [stdout] 
[INFO] [stdout] 
[INFO] [stdout] error[E0658]: `impl Trait` in associated types is unstable
[INFO] [stdout]   --> parse/src/lib.rs:69:13
[INFO] [stdout]    |
[INFO] [stdout] 69 |             #[into_parser]
[INFO] [stdout]    |             ^^^^^^^^^^^^^^
[INFO] [stdout] ...
[INFO] [stdout] 77 | number_parser!(u8, u16, u32, u64, u128, usize);
[INFO] [stdout]    | ---------------------------------------------- in this macro invocation
[INFO] [stdout]    |
[INFO] [stdout]    = note: see issue #63063 <https://github.com/rust-lang/rust/issues/63063> for more information
[INFO] [stdout]    = help: add `#![feature(impl_trait_in_assoc_type)]` to the crate attributes to enable
[INFO] [stdout]    = note: this error originates in the attribute macro `into_parser` which comes from the expansion of the macro `number_parser` (in Nightly builds, run with -Z macro-backtrace for more info)
[INFO] [stdout] 
[INFO] [stdout] 
[INFO] [stdout] error[E0658]: `impl Trait` in associated types is unstable
[INFO] [stdout]   --> parse/src/lib.rs:80:5
[INFO] [stdout]    |
[INFO] [stdout] 80 |     #[into_parser]
[INFO] [stdout]    |     ^^^^^^^^^^^^^^
[INFO] [stdout]    |
[INFO] [stdout]    = note: see issue #63063 <https://github.com/rust-lang/rust/issues/63063> for more information
[INFO] [stdout]    = help: add `#![feature(impl_trait_in_assoc_type)]` to the crate attributes to enable
[INFO] [stdout]    = note: this error originates in the attribute macro `into_parser` (in Nightly builds, run with -Z macro-backtrace for more info)
[INFO] [stdout] 
[INFO] [stdout] 
[INFO] [stdout] error[E0658]: `impl Trait` in associated types is unstable
[INFO] [stdout]   --> parse/src/lib.rs:69:13
[INFO] [stdout]    |
[INFO] [stdout] 69 |             #[into_parser]
[INFO] [stdout]    |             ^^^^^^^^^^^^^^
[INFO] [stdout] ...
[INFO] [stdout] 77 | number_parser!(u8, u16, u32, u64, u128, usize);
[INFO] [stdout]    | ---------------------------------------------- in this macro invocation
[INFO] [stdout]    |
[INFO] [stdout]    = note: see issue #63063 <https://github.com/rust-lang/rust/issues/63063> for more information
[INFO] [stdout]    = help: add `#![feature(impl_trait_in_assoc_type)]` to the crate attributes to enable
[INFO] [stdout]    = note: this error originates in the attribute macro `into_parser` which comes from the expansion of the macro `number_parser` (in Nightly builds, run with -Z macro-backtrace for more info)
[INFO] [stdout] 
[INFO] [stdout] 
[INFO] [stdout] error[E0658]: `impl Trait` in associated types is unstable
[INFO] [stdout]    --> parse/src/lib.rs:105:5
[INFO] [stdout]     |
[INFO] [stdout] 105 |     #[into_parser]
[INFO] [stdout]     |     ^^^^^^^^^^^^^^
[INFO] [stdout]     |
[INFO] [stdout]     = note: see issue #63063 <https://github.com/rust-lang/rust/issues/63063> for more information
[INFO] [stdout]     = help: add `#![feature(impl_trait_in_assoc_type)]` to the crate attributes to enable
[INFO] [stdout]     = note: this error originates in the attribute macro `into_parser` (in Nightly builds, run with -Z macro-backtrace for more info)
[INFO] [stdout] 
[INFO] [stdout] 
[INFO] [stdout] error[E0658]: `impl Trait` in associated types is unstable
[INFO] [stdout]   --> parse/src/lib.rs:80:5
[INFO] [stdout]    |
[INFO] [stdout] 80 |     #[into_parser]
[INFO] [stdout]    |     ^^^^^^^^^^^^^^
[INFO] [stdout]    |
[INFO] [stdout]    = note: see issue #63063 <https://github.com/rust-lang/rust/issues/63063> for more information
[INFO] [stdout]    = help: add `#![feature(impl_trait_in_assoc_type)]` to the crate attributes to enable
[INFO] [stdout]    = note: this error originates in the attribute macro `into_parser` (in Nightly builds, run with -Z macro-backtrace for more info)
[INFO] [stdout] 
[INFO] [stdout] 
[INFO] [stdout] error[E0658]: `impl Trait` in associated types is unstable
[INFO] [stdout]    --> parse/src/lib.rs:112:5
[INFO] [stdout]     |
[INFO] [stdout] 112 |     #[into_parser]
[INFO] [stdout]     |     ^^^^^^^^^^^^^^
[INFO] [stdout]     |
[INFO] [stdout]     = note: see issue #63063 <https://github.com/rust-lang/rust/issues/63063> for more information
[INFO] [stdout]     = help: add `#![feature(impl_trait_in_assoc_type)]` to the crate attributes to enable
[INFO] [stdout]     = note: this error originates in the attribute macro `into_parser` (in Nightly builds, run with -Z macro-backtrace for more info)
[INFO] [stdout] 
[INFO] [stdout] 
[INFO] [stdout] error[E0658]: `impl Trait` in associated types is unstable
[INFO] [stdout]    --> parse/src/lib.rs:105:5
[INFO] [stdout]     |
[INFO] [stdout] 105 |     #[into_parser]
[INFO] [stdout]     |     ^^^^^^^^^^^^^^
[INFO] [stdout]     |
[INFO] [stdout]     = note: see issue #63063 <https://github.com/rust-lang/rust/issues/63063> for more information
[INFO] [stdout]     = help: add `#![feature(impl_trait_in_assoc_type)]` to the crate attributes to enable
[INFO] [stdout]     = note: this error originates in the attribute macro `into_parser` (in Nightly builds, run with -Z macro-backtrace for more info)
[INFO] [stdout] 
[INFO] [stdout] 
[INFO] [stdout] error[E0658]: `impl Trait` in associated types is unstable
[INFO] [stdout]    --> parse/src/lib.rs:119:5
[INFO] [stdout]     |
[INFO] [stdout] 119 |     #[into_parser]
[INFO] [stdout]     |     ^^^^^^^^^^^^^^
[INFO] [stdout]     |
[INFO] [stdout]     = note: see issue #63063 <https://github.com/rust-lang/rust/issues/63063> for more information
[INFO] [stdout]     = help: add `#![feature(impl_trait_in_assoc_type)]` to the crate attributes to enable
[INFO] [stdout]     = note: this error originates in the attribute macro `into_parser` (in Nightly builds, run with -Z macro-backtrace for more info)
[INFO] [stdout] 
[INFO] [stdout] 
[INFO] [stdout] error[E0658]: `impl Trait` in associated types is unstable
[INFO] [stdout]    --> parse/src/lib.rs:112:5
[INFO] [stdout]     |
[INFO] [stdout] 112 |     #[into_parser]
[INFO] [stdout]     |     ^^^^^^^^^^^^^^
[INFO] [stdout]     |
[INFO] [stdout]     = note: see issue #63063 <https://github.com/rust-lang/rust/issues/63063> for more information
[INFO] [stdout]     = help: add `#![feature(impl_trait_in_assoc_type)]` to the crate attributes to enable
[INFO] [stdout]     = note: this error originates in the attribute macro `into_parser` (in Nightly builds, run with -Z macro-backtrace for more info)
[INFO] [stdout] 
[INFO] [stdout] 
[INFO] [stdout] error[E0658]: `impl Trait` in associated types is unstable
[INFO] [stdout]    --> parse/src/lib.rs:119:5
[INFO] [stdout]     |
[INFO] [stdout] 119 |     #[into_parser]
[INFO] [stdout]     |     ^^^^^^^^^^^^^^
[INFO] [stdout]     |
[INFO] [stdout]     = note: see issue #63063 <https://github.com/rust-lang/rust/issues/63063> for more information
[INFO] [stdout]     = help: add `#![feature(impl_trait_in_assoc_type)]` to the crate attributes to enable
[INFO] [stdout]     = note: this error originates in the attribute macro `into_parser` (in Nightly builds, run with -Z macro-backtrace for more info)
[INFO] [stdout] 
[INFO] [stdout] 
[INFO] [stdout] warning: the feature `generic_associated_types` has been stable since 1.65.0 and no longer requires an attribute to enable
[INFO] [stdout]  --> parse/src/lib.rs:1:12
[INFO] [stdout]   |
[INFO] [stdout] 1 | #![feature(generic_associated_types)]
[INFO] [stdout]   |            ^^^^^^^^^^^^^^^^^^^^^^^^
[INFO] [stdout]   |
[INFO] [stdout]   = note: `#[warn(stable_features)]` on by default
[INFO] [stdout] 
[INFO] [stdout] 
[INFO] [stdout] warning: the feature `generic_associated_types` has been stable since 1.65.0 and no longer requires an attribute to enable
[INFO] [stdout]  --> parse/src/lib.rs:1:12
[INFO] [stdout]   |
[INFO] [stdout] 1 | #![feature(generic_associated_types)]
[INFO] [stdout]   |            ^^^^^^^^^^^^^^^^^^^^^^^^
[INFO] [stdout]   |
[INFO] [stdout]   = note: `#[warn(stable_features)]` on by default
[INFO] [stdout] 
[INFO] [stdout] 
[INFO] [stdout] error: aborting due to 10 previous errors; 1 warning emitted
[INFO] [stdout] 
[INFO] [stdout] 
[INFO] [stdout] For more information about this error, try `rustc --explain E0658`.
[INFO] [stdout] 
[INFO] [stderr] error: could not compile `parse` (lib) due to 11 previous errors; 1 warning emitted
[INFO] [stderr] warning: build failed, waiting for other jobs to finish...
[INFO] [stdout] error: aborting due to 10 previous errors; 1 warning emitted
[INFO] [stdout] 
[INFO] [stdout] 
[INFO] [stdout] For more information about this error, try `rustc --explain E0658`.
[INFO] [stdout] 
[INFO] [stderr] error: could not compile `parse` (lib test) due to 11 previous errors; 1 warning emitted
[INFO] running `Command { std: "docker" "inspect" "71a447401dbfc1762c61353932e49728a03c38ce6d61234ff2e3b9f944f07056", kill_on_drop: false }`
[INFO] running `Command { std: "docker" "rm" "-f" "71a447401dbfc1762c61353932e49728a03c38ce6d61234ff2e3b9f944f07056", kill_on_drop: false }`
[INFO] [stdout] 71a447401dbfc1762c61353932e49728a03c38ce6d61234ff2e3b9f944f07056
